 102*x - 4060 = 0. Suppose -34 = r*h - x. Calculate the highest common divisor of 16 and h.
16
Let z be ((-30)/(-9))/(24/72). What is the greatest common factor of z and 145?
5
Let q(m) = -m**3 + 4*m + 1. Let n be q(-2). Let c be 33 + n/2 + (-25)/(-10). Calculate the highest common factor of c and 18.
18
Let s be 2*(-6)/3 + (1 - -51). Calculate the greatest common factor of s and 66.
6
Let v(l) = -17*l - 5. Let t be v(5). Let w be (-4)/18 + (-2090)/t. Let c(x) = -8*x**3 + 3*x. Let f be c(-3). Calculate the highest common divisor of f and w.
23
Let j(p) = p + 23. Let o be j(14). Let s = -13 + o. Let h(q) = 11*q + 3. Let x be h(3). What is the greatest common divisor of x and s?
12
Suppose -w + 0*w + 46 = 2*o, 3*o - 42 = -w. Suppose 23 = 3*k + 5. Calculate the greatest common divisor of k and w.
6
Let q = -1475 - -1563. Calculate the highest common divisor of 55 and q.
11
Let w be (-1052)/(-3) - (-21)/63. Calculate the highest common factor of 13 and w.
13
Let p(w) = 1 - 4*w - 3 + 1. Suppose -4*l - 2*u = -5*l - 13, 2*l - 2*u + 20 = 0. Let g be p(l). Calculate the highest common divisor of g and 108.
27
Let h be (6/5)/(16/40). Suppose -h*o + 41 = -124. Calculate the greatest common divisor of o and 5.
5
Suppose 7*p - 55 = 2*p. Suppose 3*i - 3*t = 4 + 8, -4*t - 2 = 3*i. Let o be 1/i + 765/10. What is the greatest common factor of p and o?
11
Let h(p) = 2*p**2 + 6*p + 14. Let n be h(-6). Let u be ((-3)/9)/(1/(-258)). Let w = u - n. What is the greatest common divisor of w and 36?
36
Let w(p) = -p**2 - p + 46. Let o be w(-7). What is the greatest common divisor of 44 and o?
4
Suppose 3*t - 4*t = -11. Suppose -4*r + 5*b = -372, -5*r + 5*b = 7*b - 432. Calculate the greatest common factor of r and t.
11
Let f be (-2856)/(-22) - (-10)/55 - 4. What is the greatest common factor of 98 and f?
14
Let l be (-3*3)/(24/(-20) - -1). Suppose 42 + 48 = 3*j. What is the greatest common factor of l and j?
15
Let y(b) = b**3 - 6*b**2 + 8. Suppose -3*u - u = 100. Let z = 31 + u. Let a be y(z). Calculate the highest common factor of 20 and a.
4
Suppose 0 = -6*m + k + 478, -3*m - 2*m - k + 402 = 0. Calculate the highest common divisor of 360 and m.
40
Let y be 4/6*3*-1. Let s be 146/10 - y/5. Suppose -4*q = -4*d + 12, -q - 2 = d - s. Calculate the greatest common factor of d and 72.
8
Let x be 9 - (-9)/(-3) - -4. Calculate the greatest common factor of x and 250.
10
Let o be 48/5 + -1 + (-10)/(-25). Suppose 7*m - o - 26 = 0. Calculate the highest common factor of m and 40.
5
Suppose 4*f = -5*h - 262 + 825, -3*f + 5*h = -466. Let d(m) = -1 + 3*m - 4 + 8 + 0. Let b be d(6). Calculate the greatest common factor of b and f.
21
Let d = 870 - 770. What is the greatest common factor of 350 and d?
50
Suppose 5*y - 164 = -3*t + 630, 4*t + 808 = 5*y. What is the highest common factor of y and 50?
10
Let k(h) = 4*h**3 - 10*h**2 + 7*h + 9. Let s be k(3). Calculate the highest common factor of 160 and s.
16
Let p be 116 + 14/7 + 2. Calculate the greatest common factor of p and 40.
40
Let z(n) = -n**3 - 4*n**2 - 6*n - 8. Let j be z(-3). Let k(i) = 3*i + 1. Let c be k(1). Calculate the highest common factor of c and j.
1
Suppose 0 = -5*q - 43 + 263. Calculate the greatest common divisor of 352 and q.
44
Suppose w + 4*i - 96 = -3*w, 132 = 5*w - i. Let l(t) = 5*t**2 + 58*t - 22. Let m be l(-12). Calculate the highest common divisor of m and w.
2
Suppose 20*x - 108 = 8*x. Calculate the highest common divisor of 1179 and x.
9
Let b be -10*(3/2)/(-2 - 1). Let k = -57 - -97. Calculate the highest common factor of b and k.
5
Suppose 2*z + 7 = 5. Let q be (4/z - 24)*-1. Suppose v = -5*i + 7, 0*i - 4*i = -2*v + q. What is the greatest common factor of v and 8?
4
Suppose 0 = 5*k - 4*x - 55, -3*x - 16 + 1 = 0. Suppose 3*d + 111 + 150 = 4*h, -2*d + 183 = 3*h. What is the highest common factor of h and k?
7
Suppose 76*m + 492 = 80*m. Calculate the greatest common factor of m and 82.
41
Let u = 17 - 10. Let m = -23 - -27. Let y be 1 + m + -1 - -17. What is the highest common divisor of u and y?
7
Suppose 0 = -2*j - 5*q + 44 - 5, -4*j + 57 = 3*q. What is the greatest common divisor of j and 78?
6
Suppose -14*y + 3052 = -1428. What is the greatest common divisor of 80 and y?
80
Let x(d) = -3*d**2 + 6*d + 1 + d**2 + 3*d**2. Suppose 108*i - 104*i + 36 = 0. Let q be x(i). What is the highest common divisor of 42 and q?
14
Suppose 0*n + 2*n = -2*i + 8, 2*n = -4*i + 20. Suppose -59*a = -239*a - 392*a + 2288. Calculate the greatest common divisor of i and a.
2
Suppose 15*p - 127 - 158 = 0. Suppose 15*m + p - 649 = 0. Calculate the highest common divisor of 6 and m.
6
Suppose -2*a + 0*a = -k + 48, -97 = -2*k + 5*a. Calculate the highest common divisor of 2 and k.
2
Let z(n) = 10 + 2*n - 11*n**2 - 12 + 0. Let t be z(1). Let y = t - -62. Calculate the highest common factor of 34 and y.
17
Let c = 127 - -3. Suppose 13*j - 11*j = c. What is the greatest common divisor of j and 5?
5
Suppose -136 = -5*u + 84. Calculate the highest common factor of u and 814.
22
Let g be 8*1/(-1) - 8/4. Let k = -6 - g. Let u be (-6)/(-8) + 1/4. Calculate the greatest common factor of k and u.
1
Suppose -4*a + 37 = d - 72, 0 = -5*d - 5*a + 545. Suppose 4*t - d - 15 = -4*l, -4*l + 124 = -4*t. What is the highest common divisor of 124 and l?
31
Let x(z) = -3*z - 5. Let h be x(-4). Suppose 8 - h = q. Suppose -4*n = -4*f - 20, -n + 2*f = -4 - 5. Calculate the greatest common divisor of n and q.
1
Let o = 5433 + -3110. Calculate the greatest common divisor of o and 23.
23
Let h(t) = -16*t + 5. Let c be h(-2). Let f = -36 + c. Calculate the greatest common factor of f and 11.
1
Suppose -2*n + 4*n + 94 = 2*m, m = 4*n + 50. Let z be 7328/26 - 30/(-195). Let v = z + -213. Calculate the greatest common divisor of v and m.
23
Let p(i) = i**2 + 6*i + 6. Let f be p(-5). Let l = 77 + -31. Let c = -38 + l. What is the highest common divisor of c and f?
1
Let h(r) = -7*r + 139. Let d be h(9). What is the greatest common factor of d and 19?
19
Let r = 95 + -93. Suppose r*y - 375 - 379 = 0. What is the highest common divisor of y and 29?
29
Let u(o) = -4*o + 393. Let j be u(57). Calculate the highest common divisor of 30 and j.
15
Let b = -21 + 29. Suppose 5*x + 2*k - 29 = 0, -3*x = -b*x + k + 38. Let t = -142 - -143. Calculate the greatest common divisor of t and x.
1
Suppose -5*x - 5*t = -240, -t - 156 = -3*x - 32. Let n = 95 - x. Let w = n + -13. What is the greatest common factor of w and 26?
13
Suppose 0 = -9*m + 496 + 2519. Calculate the highest common divisor of 67 and m.
67
Let j = 341 - 197. Calculate the highest common divisor of 48 and j.
48
Let u(t) = -2*t**3 - 11*t**2 - 6*t - 1. Let m be u(-6). Let x = m - 45. What is the greatest common divisor of 39 and x?
13
Let b be (1 - 0)/((-3)/(-273)). Suppose -b - 17 = 4*c. Let z = -12 - c. What is the highest common factor of z and 120?
15
Let i(s) = s**3 + 5*s**2 - s + 49. Let h be i(-6). Calculate the highest common divisor of h and 551.
19
Let d be -2*(0 + (-9)/2). Suppose 2*h = -l + 157, 5*l - 327 = -4*h - 28. Calculate the highest common divisor of h and d.
9
Suppose 0 = -11*z - 266 + 10738. Calculate the greatest common factor of z and 84.
28
Let y be 104/39*15/4. Let o = 10 + y. Calculate the greatest common factor of 30 and o.
10
Suppose 3*d - 5*b - 1 + 5 = 0, -2*b = -3*d - 7. Let p(x) = x**3 + 5*x**2 + x + 1. Let g be p(d). What is the greatest common factor of g and 144?
16
Suppose 3*c + 4*j - 53 = 0, 0 = j + 2 - 7. Let q = -6 + 15. Let r = c - q. What is the highest common divisor of r and 16?
2
Suppose -4*y + 7 = 31. Let a be (2 - 200/12)*y/4. What is the greatest common divisor of a and 22?
22
Suppose -4*o - 3*h - 48 = -7*h, -4*o = 2*h + 30. Suppose -q - 1 = -3*v - 13, 0 = -2*v + q - 8. Let b = v - o. Calculate the greatest common factor of 15 and b.
5
Let v(r) = 23*r**2 + r. Let f be 0 + 2/1*-1. Let i be v(f). Calculate the highest common factor of i and 60.
30
Suppose w + 5*o + 15 = 0, -2*w = -o + 3*o + 6. Suppose w = 5*g - x - 115 - 76, g - 47 = -2*x. What is the greatest common divisor of 26 and g?
13
Let h = -169 + 321. Let d = -116 + h. What is the highest common factor of 36 and d?
36
Let j = -16 + 24. Suppose -j*g + 1 = -23. Suppose p = -x + 22, 0 = p + 4*p - g*x - 7